129292668877 composite?
False
Is 595288997 a composite number?
False
Is 1623559163 composite?
False
Is 51763405273 composite?
False
Is 9874222517 composite?
True
Is 14935683589 a composite number?
False
Is 521074769 prime?
False
Is 229119541051 a prime number?
True
Is 2189565029 composite?
True
Is 76507883 composite?
True
Is 8847769571 a composite number?
False
Is 2528906291 a prime number?
True
Is 29603321197 prime?
True
Is 14788777189 prime?
True
Is 60990517317 a composite number?
True
Is 50240458013 a prime number?
False
Is 1116108493 prime?
False
Is 331570963 a prime number?
False
Is 29867102359 prime?
True
Is 68365079 a composite number?
True
Is 57632165011 a composite number?
False
Is 26308893707 composite?
False
Is 4121451437 a prime number?
True
Is 3339325993 a composite number?
False
Is 941363741 a composite number?
True
Is 10724416379 a prime number?
False
Is 691824259 prime?
False
Is 548301797 composite?
False
Is 74989349813 a prime number?
False
Is 449310341 a composite number?
True
Is 2273403623 a prime number?
True
Is 81156603379 a prime number?
False
Is 14034964939 a composite number?
False
Is 14900316797 a composite number?
False
Is 3414483079 prime?
False
Is 1833513883 prime?
True
Is 47924827 a composite number?
False
Is 429904945 a prime number?
False
Is 518586389 prime?
True
Is 30316021 composite?
False
Is 229688611 a composite number?
False
Is 14513828757 a prime number?
False
Is 32097168395 a composite number?
True
Is 70420378489 composite?
False
Is 16833879017 a prime number?
True
Is 722594437 a composite number?
True
Is 65539026001 prime?
True
Is 552018811 prime?
True
Is 1865679577 composite?
False
Is 2655923449 a composite number?
True
Is 836637301 prime?
True
Is 950792567 composite?
False
Is 2164881179 prime?
True
Is 10360360663 a prime number?
True
Is 6840133567 prime?
False
Is 1551460861 prime?
False
Is 10363881713 prime?
True
Is 36125081359 a composite number?
True
Is 12116751167 a composite number?
False
Is 573130559 composite?
False
Is 198500558 a composite number?
True
Is 12097291991 a prime number?
False
Is 2163607853 a prime number?
False
Is 1646066959 a composite number?
False
Is 960078767 composite?
False
Is 2850540681 prime?
False
Is 1658098069 a prime number?
True
Is 1551922003 a prime number?
True
Is 14531989807 a prime number?
True
Is 2643111349 prime?
True
Is 439425599 a composite number?
True
Is 56546355179 prime?
False
Is 400024801 a prime number?
False
Is 851789557 prime?
True
Is 7485540157 prime?
True
Is 9868339354 a prime number?
False
Is 7705647293 composite?
False
Is 977830103 a composite number?
True
Is 72614954999 a prime number?
True
Is 986259003 prime?
False
Is 6804732293 composite?
False
Is 11667085861 composite?
False
Is 14829172019 a composite number?
False
Is 1842647519 a prime number?
True
Is 56944709167 composite?
False
Is 2090825437 a prime number?
True
Is 1111761341 a composite number?
False
Is 128369610727 a prime number?
False
Is 21030008591 prime?
True
Is 911827757 a composite number?
False
Is 9097687463 a prime number?
True
Is 35657075501 prime?
False
Is 11369157631 a composite number?
True
Is 3302446223 a composite number?
True
Is 1642668701 prime?
True
Is 663895357 a composite number?
False
Is 58567391 a prime number?
False
Is 1206354217 a prime number?
False
Is 17812782107 a composite number?
False
Is 19486409 prime?
False
Is 145786763 composite?
True
Is 4801695971 a prime number?
True
Is 102622588507 a prime number?
False
Is 70933931 a prime number?
True
Is 175047767 composite?
True
Is 2118225467 composite?
True
Is 730863431 prime?
True
Is 309870949 composite?
True
Is 28654156551 a composite number?
True
Is 5171907511 a composite number?
True
Is 356710699 prime?
False
Is 23596519 a composite number?
True
Is 1576885763 composite?
False
Is 1475602571 composite?
True
Is 5689196497 a composite number?
False
Is 46361567137 a prime number?
False
Is 1151763059 prime?
False
Is 62150014259 prime?
False
Is 2366653753 a prime number?
True
Is 31923414847 a prime number?
True
Is 37249683703 a composite number?
True
Is 582060733 a composite number?
False
Is 10882689007 a composite number?
True
Is 109436611 composite?
False
Is 17763690055 prime?
False
Is 3248999093 composite?
True
Is 242067689 a prime number?
False
Is 29913359587 a prime number?
False
Is 27412568689 prime?
False
Is 19533268901 composite?
False
Is 14108328359 a composite number?
False
Is 51523967 a composite number?
True
Is 3522928769 a composite number?
False
Is 113055716717 prime?
True
Is 16865656877 composite?
False
Is 4440963101 a composite number?
True
Is 494733331 composite?
False
Is 147743819207 a prime number?
True
Is 185833643893 composite?
False
Is 2688049321 a prime number?
False
Is 2342612693 prime?
False
Is 193156361903 composite?
True
Is 7175303197 composite?
False
Is 102642157627 a composite number?
False
Is 5154737827 prime?
False
Is 1054078547 composite?
False
Is 70303375763 a composite number?
True
Is 24376741 a prime number?
True
Is 425486541 composite?
True
Is 34777695559 prime?
True
Is 1717354213 composite?
True
Is 116653183 a composite number?
True
Is 3327179483 a composite number?
True
Is 2531108843 a composite number?
False
Is 72341509 composite?
True
Is 19209439307 a prime number?
False
Is 98841892637 a composite number?
False
Is 461797627 a prime number?
False
Is 59485399 composite?
False
Is 3882723323 a prime number?
False
Is 7907248423 a composite number?
True
Is 9061404649 prime?
False
Is 163961507857 a prime number?
False
Is 72843731 a composite number?
True
Is 579667222 composite?
True
Is 774797873 composite?
True
Is 1452666307 a composite number?
False
Is 135912961 a composite number?
False
Is 2655107687 a composite number?
False
Is 1228296707 a prime number?
False
Is 1324634347 a prime number?
True
Is 2512523053 prime?
False
Is 329703557 a prime number?
False
Is 15902609 prime?
False
Is 300431218 a composite number?
True
Is 831047323 composite?
True
Is 2930192339 a prime number?
True
Is 19242855901 composite?
True
Is 7069535761 prime?
True
Is 1631609809 a composite number?
False
Is 4808090983 a composite number?
True
Is 11177902051 composite?
False
Is 11256479797 a prime number?
True
Is 470722195 a composite number?
True
Is 174153852307 prime?
True
Is 40931219941 prime?
True
Is 2422707817 a prime number?
False
Is 708973877 prime?
True
Is 101189021083 composite?
True
Is 829820987 a composite number?
False
Is 53377283 a composite number?
False
Is 47313810539 composite?
True
Is 2458978777 composite?
False
Is 16041079069 composite?
False
Is 4974818477 a composite number?
True
Is 3100760653 prime?
True
Is 585730807 composite?
True
Is 12777112729 composite?
False
Is 1288015133 composite?
False
Is 205304273 a prime number?
True
Is 178003349 prime?
True
Is 238947011 a composite number?
False
Is 726144719 a composite number?
False
Is 31505429323 a composite number?
False
Is 92827131071 a prime number?
False
Is 270497155 composite?
True
Is 3194598613 a prime number?
False
Is 74127339887 prime?
True
Is 1457565419 prime?
True
Is 3337364357 composite?
False
Is 4054706333 composite?
True
Is 181265027 composite?
True
Is 2166752359 prime?
True
Is 253401143 a prime number?
False
Is 3808121461 prime?
True
Is 43656593 a composite number?
False
Is 4442100167 a composite number?
False
Is 2252987161 a prime number?
True
Is 397267553 a composite number?
False
Is 5674167131 composite?
False
Is 725264173 composite?
False
Is 590259071 a prime number?
False
Is 1867864457 a prime number?
True
Is 1138051907 a composite number?
True
Is 4174405951 a composite number?
False
Is 150288901 a composite number?
True
Is 420971059 a composite number?
True
Is 28371223 a composite number?
True
Is 375725477 a prime number?
False
Is 16650848389 a composite number?
True
Is 1280188222 a composite number?
True
Is 612110509 a composite number?
False
Is 2710073449 composite?
False
Is 100900123 a prime number?
True
Is 41689654073 a prime number?
False
Is 39770387771 a prime number?
False
Is 3048722291 composite?
False
Is 63753941 a composite number?
False
Is 206951267 composite?
False
Is 112338922879 a composite number?
True
Is 742233959 composite?
False
Is 488446867 composite?
False
Is 3607492957 composite?
False
Is 383970079 prime?
Fal